{"id":128,"date":"2021-04-07T18:43:41","date_gmt":"2021-04-07T18:43:41","guid":{"rendered":"https:\/\/mittagstisch-rodersdorf.ch\/wordpress\/?page_id=128"},"modified":"2025-06-17T22:12:22","modified_gmt":"2025-06-17T22:12:22","slug":"richtlinien","status":"publish","type":"page","link":"https:\/\/mittagstisch-rodersdorf.ch\/wordpress\/?page_id=128","title":{"rendered":"Richtlinien"},"content":{"rendered":"\n<h2 class=\"wp-block-heading\" id=\"leitidee\">Leitidee<\/h2>\n\n\n\n<p>Der Mittagstisch (\u00d6MTR) ist ein Angebot zur Unterst\u00fctzung von ortsans\u00e4ssigen Eltern in der Betreuung ihrer Kinder \u00fcber die Mittagszeit und am Nachmittag.<\/p>\n\n\n\n<div style=\"height:10px\" aria-hidden=\"true\" class=\"wp-block-spacer\"><\/div>\n\n\n\n<h4 class=\"wp-block-heading\" id=\"der-mittagstisch-bietet\">Der Mittagstisch bietet:<\/h4>\n\n\n\n<ul class=\"wp-block-list\">\n<li>eine bew\u00e4hrte Einrichtung zur Mittagsverpflegung von Kindern, Erwachsenen und SeniorInnen<\/li>\n\n\n\n<li>eine ausgewogene, frisch zubereitete Mahlzeit<\/li>\n\n\n\n<li>die M\u00f6glichkeit, sich zu erholen, zu spielen und die Hausaufgaben zu machen<\/li>\n\n\n\n<li>ein Angebot f\u00fcr alle Sch\u00fclerInnen ab dem 1. Kindergarten bis zum Schulaustritt<\/li>\n\n\n\n<li>ein Angebot f\u00fcr Erwachsene und SeniorInnnen<\/li>\n<\/ul>\n\n\n\n<div style=\"height:20px\" aria-hidden=\"true\" class=\"wp-block-spacer\"><\/div>\n\n\n\n<h3 class=\"wp-block-heading\" id=\"tragerschaft\">Tr\u00e4gerschaft<\/h3>\n\n\n\n<p>Der Mittagstisch wird vom Verein \u00d6ffentlicher Mittagstisch Rodersdorf (\u00d6MTR) gef\u00fchrt. Die Gemeinde stellt die R\u00e4umlichkeiten zur Verf\u00fcgung und ist f\u00fcr das angestellte Betreuungsteam verantwortlich.<\/p>\n\n\n\n<div style=\"height:20px\" aria-hidden=\"true\" class=\"wp-block-spacer\"><\/div>\n\n\n\n<h3 class=\"wp-block-heading\" id=\"offnungszeiten\">\u00d6ffnungszeiten<\/h3>\n\n\n\n<ul class=\"wp-block-list\">\n<li>Je nach Anzahl Anmeldungen wird der Mittagstisch am Montag, Dienstag, Donnerstag und Freitag von 12 bis 14 Uhr durchgef\u00fchrt.<\/li>\n\n\n\n<li>Die Nachmittagsbetreuung wird an zwei bis drei Nachmittagen (Montag, Dienstag und Donnerstag) von 14 bis 18 Uhr angeboten.<\/li>\n\n\n\n<li>An den folgenden Tagen bleibt der Mittagstisch geschlossen (die genauen Daten werden Anfang Schuljahr bekannt gegeben):\n<ul class=\"wp-block-list\">\n<li>15. August (Maria Himmelfahrt)<\/li>\n\n\n\n<li>1. November (Allerheiligen)<\/li>\n\n\n\n<li>1. Mai (Tag der Arbeit)<\/li>\n\n\n\n<li>Auffahrt und Auffahrtsbr\u00fccke (Freitag)<\/li>\n\n\n\n<li>Fronleichnam und Fronleichnamsbr\u00fccke<\/li>\n\n\n\n<li>Lehrer-Weiterbildungstage<\/li>\n\n\n\n<li>Allf\u00e4llige weitere Br\u00fccken- oder schulfreie Tage nach Ank\u00fcndigung<\/li>\n<\/ul>\n<\/li>\n<\/ul>\n\n\n\n<div style=\"height:20px\" aria-hidden=\"true\" class=\"wp-block-spacer\"><\/div>\n\n\n\n<h3 class=\"wp-block-heading\" id=\"ort-und-raumlichkeit\">Ort und R\u00e4umlichkeit<\/h3>\n\n\n\n<p>Der Mittagstisch wird in der Cafeteria im Grossb\u00fchl durchgef\u00fchrt.<\/p>\n\n\n\n<div style=\"height:20px\" aria-hidden=\"true\" class=\"wp-block-spacer\"><\/div>\n\n\n\n<h3 class=\"wp-block-heading\" id=\"betreuung\">Betreuung<\/h3>\n\n\n\n<p>Das Team vom Mittagstisch betreut die Kinder w\u00e4hrend dem Mittagstisch und der Nachmittagsbetreuung.<\/p>\n\n\n\n<div style=\"height:20px\" aria-hidden=\"true\" class=\"wp-block-spacer\"><\/div>\n\n\n\n<h3 class=\"wp-block-heading\" id=\"an-ab-und-ummeldung\">An- \/ Ab- und Ummeldung<\/h3>\n\n\n\n<ul class=\"wp-block-list\">\n<li>Anmeldeformulare k\u00f6nnen auf der Website www.mittagstisch-rodersdorf.ch heruntergeladen werden.<\/li>\n\n\n\n<li>Anmeldeschluss ist jeweils der 01.06. f\u00fcr das folgende Schuljahr.<\/li>\n\n\n\n<li>Die Anmeldung erfolgt f\u00fcr ein Jahr.<\/li>\n\n\n\n<li>Anpassungen der rechtzeitig erfolgten Anmeldung sind bis zur 3. Schulwoche nach den Sommerferien nach Ru\u0308cksprache mit der Leitung und der Pr\u00e4sidentin m\u00f6glich. Wird weniger Betreuung ben\u00f6tigt, werden die ersten 3 Wochen fu\u0308r unsere Umtriebe via G\u00e4sterechnung in Rechnung gestellt.<\/li>\n\n\n\n<li>Weitere Um- und Abmeldungen sind danach nur noch fu\u0308r das 2. Semester m\u00f6glich und mu\u0308ssen schriftlich bis zum 1.12. des laufenden Jahres beantragt werden.<\/li>\n\n\n\n<li>Anmeldungen unter dem Jahr sind m\u00f6glich, sofern die Betreuungseinheiten nicht ausgebucht sind. Die Familie wird als Mitglied in den Verein aufgenommen und hat Anrecht bis zum Semesterwechsel vom internen Gastpreis zu profitieren.<\/li>\n\n\n\n<li>Grunds\u00e4tzlich versuchen wir auch Antr\u00e4gen fu\u0308r Anpassungen unter dem Jahr gerecht zu werden. Diesen wird jedoch nur gefolgt, wenn eine Best\u00e4tigung des Arbeitgebers vorgelegt wird und entsprechende Betreuungspl\u00e4tze noch zur Verfu\u0308gung stehen. Wird weniger Betreuung in Anspruch genommen, ist die urspru\u0308ngliche Anmeldung fu\u0308r die Berechnung der Semestergebu\u0308hren ausschlaggebend.<\/li>\n<\/ul>\n\n\n\n<div style=\"height:20px\" aria-hidden=\"true\" class=\"wp-block-spacer\"><\/div>\n\n\n\n<h3 class=\"wp-block-heading\" id=\"kurzfristige-absenzen\">Kurzfristige Absenzen<\/h3>\n\n\n\n<p>Damit wir Ihr Kind nicht suchen, sind tageweise Abmeldungen, Krankheiten und sonstige \u00c4nderungen unbedingt direkt auf das Mittagstischhandy 076 422 01 23 zu richten. <\/p>\n\n\n\n<p>Bei l\u00e4ngeren geplanten Absenzen ab 5 Tagen kann \u00fcber den Vorstand des Mittagstisches ein Antrag an den H\u00e4rtefonds zur Kosten\u00fcbernahme gestellt werden. Wir bitten diesen einen Monat vorher, schriftlich beim Vorstand unter mittagstisch@rodersdorf.ch einzureichen. <\/p>\n\n\n\n<p>Es besteht grunds\u00e4tzlich kein Anspruch auf R\u00fcckerstattung der Geb\u00fchren bei Absenzen.<\/p>\n\n\n\n<div style=\"height:20px\" aria-hidden=\"true\" class=\"wp-block-spacer\"><\/div>\n\n\n\n<h3 class=\"wp-block-heading\" id=\"verpflegung\">Verpflegung<\/h3>\n\n\n\n<p>Es wird eine warme, ausgewogene und frisch zubereitete Mahlzeit mit Getr\u00e4nk serviert. Das Essen wird von einem Caterer geliefert.<\/p>\n\n\n\n<p>Kinder, die an einem Mittagstisch-Tag auf einen Schulausflug gehen, erhalten ein Lunchpaket.<\/p>\n\n\n\n<div style=\"height:20px\" aria-hidden=\"true\" class=\"wp-block-spacer\"><\/div>\n\n\n\n<h3 class=\"wp-block-heading\" id=\"hartefonds\">H\u00e4rtefonds<\/h3>\n\n\n\n<p>Jede Familie mit einem angemeldeten Kind ist automatisch Vereinsmitglied. Mit den Vereinsmitgliederbeitr\u00e4gen baut der \u00d6MTR einen H\u00e4rtefonds auf. Damit erm\u00f6glichen wir die Teilnahme von Kindern am Mittagstisch, deren Familien mit bescheidenem Budget haushalten m\u00fcssen.<\/p>\n\n\n\n<p>Bitte z\u00f6gern Sie nicht, bei Bedarf zur finanziellen Unterst\u00fctzung, ein schriftliches Gesuch beim Vereinsvorstand, unter mittagstisch@rodersdorf.ch, einzureichen. Gesuche werden vertraulich behandelt.<\/p>\n\n\n\n<div style=\"height:20px\" aria-hidden=\"true\" class=\"wp-block-spacer\"><\/div>\n\n\n\n<h3 class=\"wp-block-heading\" id=\"zahlungsmodus\">Zahlungsmodus<\/h3>\n\n\n\n<ul class=\"wp-block-list\">\n<li>Der j\u00e4hrliche Mitgliederbeitrag wird Anfang Schuljahr oder innerhalb eines Monats nach Eintritt in den Verein in Rechnung gestellt.<\/li>\n\n\n\n<li>Der Mittagstisch und die Nachmittagsbetreuung werden pauschal abgerechnet und durch die Gemeinde semesterweise in Rechnung gestellt.<\/li>\n\n\n\n<li>G\u00e4steessen sowie zus\u00e4tzliche Betreuungsstunden werden nach Semesterende gesondert durch die Gemeinde in Rechnung gestellt.<\/li>\n<\/ul>\n\n\n\n<div style=\"height:20px\" aria-hidden=\"true\" class=\"wp-block-spacer\"><\/div>\n\n\n\n<h3 class=\"wp-block-heading\" id=\"ausschluss\">Ausschluss:<\/h3>\n\n\n\n<p>Am Mittagstisch sind die Regeln aufgeh\u00e4ngt. Sollte der Mittagstischbetrieb durch untragbares Verhalten eines Kindes mehrfach gest\u00f6rt werden, nehmen die Betriebsleitung und der Vorstand (\u00d6MTR) Kontakt mit den Eltern auf. Wird keine L\u00f6sung gefunden, kann der Vorstand (\u00d6MTR) \u00fcber den vor\u00fcbergehenden oder dauernden Ausschluss entscheiden.<\/p>\n\n\n\n<div style=\"height:20px\" aria-hidden=\"true\" class=\"wp-block-spacer\"><\/div>\n\n\n\n<h3 class=\"wp-block-heading\" id=\"versicherung\">Versicherung<\/h3>\n\n\n\n<p>Die Eltern best\u00e4tigen mit ihrer Anmeldung, dass ihre Kinder gegen Krankheit und Unfall versichert sind, und dass eine Privathaftpflichtversicherung besteht.<\/p>\n\n\n\n<p>Das Betreuungsteam haftet nicht bei Verlust oder Besch\u00e4digung von Gegenst\u00e4nden, die den Kindern geh\u00f6ren.<\/p>\n\n\n\n<div style=\"height:20px\" aria-hidden=\"true\" class=\"wp-block-spacer\"><\/div>\n\n\n\n<h3 class=\"wp-block-heading\" id=\"verschwiegenheit\">Verschwiegenheit<\/h3>\n\n\n\n<p>Der Vorstand und das gesamte Betreuungsteam des Mittagstisches sind verpflichtet, Verschwiegenheit bez\u00fcglich Wissen und Daten der Kinder, deren Eltern und Angeh\u00f6rige zu wahren.<\/p>\n\n\n\n<div style=\"height:20px\" aria-hidden=\"true\" class=\"wp-block-spacer\"><\/div>\n\n\n\n<h3 class=\"wp-block-heading\" id=\"bilder-von-kindern\">Bilder von Kindern<\/h3>\n\n\n\n<p>Fu\u0308r Werbezwecke (Homepage, Flyer, Zeitungsbericht, Jahresbericht) werden vom Vorstand oder Team sporadisch Aufnahmen gemacht. Die Kinder werden jedoch nicht namentlich erw\u00e4hnt.<\/p>\n\n\n\n<p>Sollten von einem Kind keine Aufnahmen gemacht werden du\u0308rfen, wird dies bei der Anmeldung angegeben.<\/p>\n\n\n\n<div style=\"height:20px\" aria-hidden=\"true\" class=\"wp-block-spacer\"><\/div>\n\n\n\n<h3 class=\"wp-block-heading\" id=\"regeln-wahrend-dem-mittagstisch\">Regeln w\u00e4hrend dem Mittagstisch<\/h3>\n\n\n\n<p>Die Regeln sind am Mittagstisch aufgeh\u00e4ngt und werden mit den Kindern besprochen.<\/p>\n\n\n\n<ul class=\"wp-block-list\">\n<li>Wenn wir ankommen, begr\u00fcssen wir einander.<\/li>\n\n\n\n<li>Vor und nach dem Essen waschen wir die H\u00e4nde.<\/li>\n\n\n\n<li>Beim Essen erinnern wir uns an die guten Tischmanieren.<\/li>\n\n\n\n<li>Wir nehmen R\u00fccksicht und gehen respektvoll miteinander um.<\/li>\n\n\n\n<li>Wir verlassen die R\u00e4umlichkeiten nur mit Erlaubnis des Betreuungsteams.<\/li>\n\n\n\n<li>Wir respektieren die Anweisungen des Betreuungsteams.<\/li>\n\n\n\n<li>Die Kindergartenkinder werden abgeholt und wieder gebracht.<\/li>\n\n\n\n<li>Wir benutzen kein Handy.<\/li>\n\n\n\n<li>Wir machen keine Fotos oder Filme ohne Zustimmung des Betreuungsteams oder der Eltern.<\/li>\n\n\n\n<li>Das Betreuungsteam ist f\u00fcr alle am Mittagstisch anwesenden Kinder verantwortlich.<\/li>\n\n\n\n<li>Wir m\u00f6chten gemeinsam eine bereichernde Zeit miteinander erleben.<\/li>\n<\/ul>\n\n\n\n<p><\/p>\n","protected":false},"excerpt":{"rendered":"<p>Leitidee Der Mittagstisch (\u00d6MTR) ist ein Angebot zur Unterst\u00fctzung von ortsans\u00e4ssigen Eltern in der Betreuung ihrer Kinder \u00fcber die Mittagszeit und am Nachmittag. Der Mittagstisch bietet: Tr\u00e4gerschaft Der Mittagstisch wird vom Verein \u00d6ffentlicher Mittagstisch Rodersdorf (\u00d6MTR) gef\u00fchrt. Die Gemeinde stellt die R\u00e4umlichkeiten zur Verf\u00fcgung und ist f\u00fcr das angestellte Betreuungsteam verantwortlich. \u00d6ffnungszeiten Ort und R\u00e4umlichkeit Der Mittagstisch wird in der Cafeteria im Grossb\u00fchl durchgef\u00fchrt. Betreuung Das Team vom Mittagstisch betreut die Kinder w\u00e4hrend dem Mittagstisch und der Nachmittagsbetreuung. An- \/&#8230;<\/p>\n<p class=\"read-more\"><a class=\"btn btn-default\" href=\"https:\/\/mittagstisch-rodersdorf.ch\/wordpress\/?page_id=128\">Weiterlesen<span class=\"screen-reader-text\"> Weiterlesen<\/span><\/a><\/p>\n","protected":false},"author":1,"featured_media":0,"parent":0,"menu_order":0,"comment_status":"closed","ping_status":"closed","template":"","meta":{"footnotes":""},"class_list":["post-128","page","type-page","status-publish","hentry"],"_links":{"self":[{"href":"https:\/\/mittagstisch-rodersdorf.ch\/wordpress\/index.php?rest_route=\/wp\/v2\/pages\/128","targetHints":{"allow":["GET"]}}],"collection":[{"href":"https:\/\/mittagstisch-rodersdorf.ch\/wordpress\/index.php?rest_route=\/wp\/v2\/pages"}],"about":[{"href":"https:\/\/mittagstisch-rodersdorf.ch\/wordpress\/index.php?rest_route=\/wp\/v2\/types\/page"}],"author":[{"embeddable":true,"href":"https:\/\/mittagstisch-rodersdorf.ch\/wordpress\/index.php?rest_route=\/wp\/v2\/users\/1"}],"replies":[{"embeddable":true,"href":"https:\/\/mittagstisch-rodersdorf.ch\/wordpress\/index.php?rest_route=%2Fwp%2Fv2%2Fcomments&post=128"}],"version-history":[{"count":18,"href":"https:\/\/mittagstisch-rodersdorf.ch\/wordpress\/index.php?rest_route=\/wp\/v2\/pages\/128\/revisions"}],"predecessor-version":[{"id":812,"href":"https:\/\/mittagstisch-rodersdorf.ch\/wordpress\/index.php?rest_route=\/wp\/v2\/pages\/128\/revisions\/812"}],"wp:attachment":[{"href":"https:\/\/mittagstisch-rodersdorf.ch\/wordpress\/index.php?rest_route=%2Fwp%2Fv2%2Fmedia&parent=128"}],"curies":[{"name":"wp","href":"https:\/\/api.w.org\/{rel}","templated":true}]}}

<h2 class="wp-block-heading" id="leitidee">Leitidee</h2>



<p>Der Mittagstisch (ÖMTR) ist ein Angebot zur Unterstützung von ortsansässigen Eltern in der Betreuung ihrer Kinder über die Mittagszeit und am Nachmittag.</p>



<div style="height:10px" aria-hidden="true" class="wp-block-spacer"></div>



<h4 class="wp-block-heading" id="der-mittagstisch-bietet">Der Mittagstisch bietet:</h4>



<ul class="wp-block-list">
<li>eine bewährte Einrichtung zur Mittagsverpflegung von Kindern, Erwachsenen und SeniorInnen</li>



<li>eine ausgewogene, frisch zubereitete Mahlzeit</li>



<li>die Möglichkeit, sich zu erholen, zu spielen und die Hausaufgaben zu machen</li>



<li>ein Angebot für alle SchülerInnen ab dem 1. Kindergarten bis zum Schulaustritt</li>



<li>ein Angebot für Erwachsene und SeniorInnnen</li>
</ul>



<div style="height:20px" aria-hidden="true" class="wp-block-spacer"></div>



<h3 class="wp-block-heading" id="tragerschaft">Trägerschaft</h3>



<p>Der Mittagstisch wird vom Verein Öffentlicher Mittagstisch Rodersdorf (ÖMTR) geführt. Die Gemeinde stellt die Räumlichkeiten zur Verfügung und ist für das angestellte Betreuungsteam verantwortlich.</p>



<div style="height:20px" aria-hidden="true" class="wp-block-spacer"></div>



<h3 class="wp-block-heading" id="offnungszeiten">Öffnungszeiten</h3>



<ul class="wp-block-list">
<li>Je nach Anzahl Anmeldungen wird der Mittagstisch am Montag, Dienstag, Donnerstag und Freitag von 12 bis 14 Uhr durchgeführt.</li>



<li>Die Nachmittagsbetreuung wird an zwei bis drei Nachmittagen (Montag, Dienstag und Donnerstag) von 14 bis 18 Uhr angeboten.</li>



<li>An den folgenden Tagen bleibt der Mittagstisch geschlossen (die genauen Daten werden Anfang Schuljahr bekannt gegeben):
<ul class="wp-block-list">
<li>15. August (Maria Himmelfahrt)</li>



<li>1. November (Allerheiligen)</li>



<li>1. Mai (Tag der Arbeit)</li>



<li>Auffahrt und Auffahrtsbrücke (Freitag)</li>



<li>Fronleichnam und Fronleichnamsbrücke</li>



<li>Lehrer-Weiterbildungstage</li>



<li>Allfällige weitere Brücken- oder schulfreie Tage nach Ankündigung</li>
</ul>
</li>
</ul>



<div style="height:20px" aria-hidden="true" class="wp-block-spacer"></div>



<h3 class="wp-block-heading" id="ort-und-raumlichkeit">Ort und Räumlichkeit</h3>



<p>Der Mittagstisch wird in der Cafeteria im Grossbühl durchgeführt.</p>



<div style="height:20px" aria-hidden="true" class="wp-block-spacer"></div>



<h3 class="wp-block-heading" id="betreuung">Betreuung</h3>



<p>Das Team vom Mittagstisch betreut die Kinder während dem Mittagstisch und der Nachmittagsbetreuung.</p>



<div style="height:20px" aria-hidden="true" class="wp-block-spacer"></div>



<h3 class="wp-block-heading" id="an-ab-und-ummeldung">An- / Ab- und Ummeldung</h3>



<ul class="wp-block-list">
<li>Anmeldeformulare können auf der Website www.mittagstisch-rodersdorf.ch heruntergeladen werden.</li>



<li>Anmeldeschluss ist jeweils der 01.06. für das folgende Schuljahr.</li>



<li>Die Anmeldung erfolgt für ein Jahr.</li>



<li>Anpassungen der rechtzeitig erfolgten Anmeldung sind bis zur 3. Schulwoche nach den Sommerferien nach Rücksprache mit der Leitung und der Präsidentin möglich. Wird weniger Betreuung benötigt, werden die ersten 3 Wochen für unsere Umtriebe via Gästerechnung in Rechnung gestellt.</li>



<li>Weitere Um- und Abmeldungen sind danach nur noch für das 2. Semester möglich und müssen schriftlich bis zum 1.12. des laufenden Jahres beantragt werden.</li>



<li>Anmeldungen unter dem Jahr sind möglich, sofern die Betreuungseinheiten nicht ausgebucht sind. Die Familie wird als Mitglied in den Verein aufgenommen und hat Anrecht bis zum Semesterwechsel vom internen Gastpreis zu profitieren.</li>



<li>Grundsätzlich versuchen wir auch Anträgen für Anpassungen unter dem Jahr gerecht zu werden. Diesen wird jedoch nur gefolgt, wenn eine Bestätigung des Arbeitgebers vorgelegt wird und entsprechende Betreuungsplätze noch zur Verfügung stehen. Wird weniger Betreuung in Anspruch genommen, ist die ursprüngliche Anmeldung für die Berechnung der Semestergebühren ausschlaggebend.</li>
</ul>



<div style="height:20px" aria-hidden="true" class="wp-block-spacer"></div>



<h3 class="wp-block-heading" id="kurzfristige-absenzen">Kurzfristige Absenzen</h3>



<p>Damit wir Ihr Kind nicht suchen, sind tageweise Abmeldungen, Krankheiten und sonstige Änderungen unbedingt direkt auf das Mittagstischhandy 076 422 01 23 zu richten. </p>



<p>Bei längeren geplanten Absenzen ab 5 Tagen kann über den Vorstand des Mittagstisches ein Antrag an den Härtefonds zur Kostenübernahme gestellt werden. Wir bitten diesen einen Monat vorher, schriftlich beim Vorstand unter mittagstisch@rodersdorf.ch einzureichen. </p>



<p>Es besteht grundsätzlich kein Anspruch auf Rückerstattung der Gebühren bei Absenzen.</p>



<div style="height:20px" aria-hidden="true" class="wp-block-spacer"></div>



<h3 class="wp-block-heading" id="verpflegung">Verpflegung</h3>



<p>Es wird eine warme, ausgewogene und frisch zubereitete Mahlzeit mit Getränk serviert. Das Essen wird von einem Caterer geliefert.</p>



<p>Kinder, die an einem Mittagstisch-Tag auf einen Schulausflug gehen, erhalten ein Lunchpaket.</p>



<div style="height:20px" aria-hidden="true" class="wp-block-spacer"></div>



<h3 class="wp-block-heading" id="hartefonds">Härtefonds</h3>



<p>Jede Familie mit einem angemeldeten Kind ist automatisch Vereinsmitglied. Mit den Vereinsmitgliederbeiträgen baut der ÖMTR einen Härtefonds auf. Damit ermöglichen wir die Teilnahme von Kindern am Mittagstisch, deren Familien mit bescheidenem Budget haushalten müssen.</p>



<p>Bitte zögern Sie nicht, bei Bedarf zur finanziellen Unterstützung, ein schriftliches Gesuch beim Vereinsvorstand, unter mittagstisch@rodersdorf.ch, einzureichen. Gesuche werden vertraulich behandelt.</p>



<div style="height:20px" aria-hidden="true" class="wp-block-spacer"></div>



<h3 class="wp-block-heading" id="zahlungsmodus">Zahlungsmodus</h3>



<ul class="wp-block-list">
<li>Der jährliche Mitgliederbeitrag wird Anfang Schuljahr oder innerhalb eines Monats nach Eintritt in den Verein in Rechnung gestellt.</li>



<li>Der Mittagstisch und die Nachmittagsbetreuung werden pauschal abgerechnet und durch die Gemeinde semesterweise in Rechnung gestellt.</li>



<li>Gästeessen sowie zusätzliche Betreuungsstunden werden nach Semesterende gesondert durch die Gemeinde in Rechnung gestellt.</li>
</ul>



<div style="height:20px" aria-hidden="true" class="wp-block-spacer"></div>



<h3 class="wp-block-heading" id="ausschluss">Ausschluss:</h3>



<p>Am Mittagstisch sind die Regeln aufgehängt. Sollte der Mittagstischbetrieb durch untragbares Verhalten eines Kindes mehrfach gestört werden, nehmen die Betriebsleitung und der Vorstand (ÖMTR) Kontakt mit den Eltern auf. Wird keine Lösung gefunden, kann der Vorstand (ÖMTR) über den vorübergehenden oder dauernden Ausschluss entscheiden.</p>



<div style="height:20px" aria-hidden="true" class="wp-block-spacer"></div>



<h3 class="wp-block-heading" id="versicherung">Versicherung</h3>



<p>Die Eltern bestätigen mit ihrer Anmeldung, dass ihre Kinder gegen Krankheit und Unfall versichert sind, und dass eine Privathaftpflichtversicherung besteht.</p>



<p>Das Betreuungsteam haftet nicht bei Verlust oder Beschädigung von Gegenständen, die den Kindern gehören.</p>



<div style="height:20px" aria-hidden="true" class="wp-block-spacer"></div>



<h3 class="wp-block-heading" id="verschwiegenheit">Verschwiegenheit</h3>



<p>Der Vorstand und das gesamte Betreuungsteam des Mittagstisches sind verpflichtet, Verschwiegenheit bezüglich Wissen und Daten der Kinder, deren Eltern und Angehörige zu wahren.</p>



<div style="height:20px" aria-hidden="true" class="wp-block-spacer"></div>



<h3 class="wp-block-heading" id="bilder-von-kindern">Bilder von Kindern</h3>



<p>Für Werbezwecke (Homepage, Flyer, Zeitungsbericht, Jahresbericht) werden vom Vorstand oder Team sporadisch Aufnahmen gemacht. Die Kinder werden jedoch nicht namentlich erwähnt.</p>



<p>Sollten von einem Kind keine Aufnahmen gemacht werden dürfen, wird dies bei der Anmeldung angegeben.</p>



<div style="height:20px" aria-hidden="true" class="wp-block-spacer"></div>



<h3 class="wp-block-heading" id="regeln-wahrend-dem-mittagstisch">Regeln während dem Mittagstisch</h3>



<p>Die Regeln sind am Mittagstisch aufgehängt und werden mit den Kindern besprochen.</p>



<ul class="wp-block-list">
<li>Wenn wir ankommen, begrüssen wir einander.</li>



<li>Vor und nach dem Essen waschen wir die Hände.</li>



<li>Beim Essen erinnern wir uns an die guten Tischmanieren.</li>



<li>Wir nehmen Rücksicht und gehen respektvoll miteinander um.</li>



<li>Wir verlassen die Räumlichkeiten nur mit Erlaubnis des Betreuungsteams.</li>



<li>Wir respektieren die Anweisungen des Betreuungsteams.</li>



<li>Die Kindergartenkinder werden abgeholt und wieder gebracht.</li>



<li>Wir benutzen kein Handy.</li>



<li>Wir machen keine Fotos oder Filme ohne Zustimmung des Betreuungsteams oder der Eltern.</li>



<li>Das Betreuungsteam ist für alle am Mittagstisch anwesenden Kinder verantwortlich.</li>



<li>Wir möchten gemeinsam eine bereichernde Zeit miteinander erleben.</li>
</ul>



<p></p>

<p>Leitidee Der Mittagstisch (ÖMTR) ist ein Angebot zur Unterstützung von ortsansässigen Eltern in der Betreuung ihrer Kinder über die Mittagszeit und am Nachmittag. Der Mittagstisch bietet: Trägerschaft Der Mittagstisch wird vom Verein Öffentlicher Mittagstisch Rodersdorf (ÖMTR) geführt. Die Gemeinde stellt die Räumlichkeiten zur Verfügung und ist für das angestellte Betreuungsteam verantwortlich. Öffnungszeiten Ort und Räumlichkeit Der Mittagstisch wird in der Cafeteria im Grossbühl durchgeführt. Betreuung Das Team vom Mittagstisch betreut die Kinder während dem Mittagstisch und der Nachmittagsbetreuung. An- /&#8230;</p>
<p class="read-more"><a class="btn btn-default" href="https://mittagstisch-rodersdorf.ch/wordpress/?page_id=128">Weiterlesen<span class="screen-reader-text"> Weiterlesen</span></a></p>
