{"id":139,"date":"2021-04-07T19:06:51","date_gmt":"2021-04-07T19:06:51","guid":{"rendered":"https:\/\/mittagstisch-rodersdorf.ch\/wordpress\/?page_id=139"},"modified":"2025-06-17T22:11:19","modified_gmt":"2025-06-17T22:11:19","slug":"preise","status":"publish","type":"page","link":"https:\/\/mittagstisch-rodersdorf.ch\/wordpress\/?page_id=139","title":{"rendered":"Preise"},"content":{"rendered":"\n<h4 class=\"wp-block-heading\" id=\"1-semester-august-dezember-ca-17-wochen\">1. Semester, Schuljahr 2025\/2026: August &#8211; Dezember (ca. 16 Wochen)<\/h4>\n\n\n\n<ul class=\"wp-block-list\">\n<li>Mittagstisch 1x \/ Woche: CHF 272.- pro Tag, Preis pro Semester<\/li>\n\n\n\n<li>Mittagstisch ab 2x \/ Woche: CHF 240.- pro Tag, Preis pro Semester<\/li>\n\n\n\n<li>Nachmittagsbetreuung 14 &#8211; 18 Uhr: CHF 208.- pro Wochenstunde, Preis pro Semester<\/li>\n<\/ul>\n\n\n\n<div style=\"height:20px\" aria-hidden=\"true\" class=\"wp-block-spacer\"><\/div>\n\n\n\n<h4 class=\"wp-block-heading\" id=\"2-semester-januar-juni-ca-20-wochen\">2. Semester, Schuljahr 2025\/2026: Januar &#8211; Juni (ca. 20 Wochen)<\/h4>\n\n\n\n<ul class=\"wp-block-list\">\n<li>Mittagstisch 1x \/ Woche: CHF 340.- pro Tag, Preis pro Semester<\/li>\n\n\n\n<li>Mittagstisch ab 2x \/ Woche: CHF 300.- pro Tag, Preis pro Semester<\/li>\n\n\n\n<li>Nachmittagsbetreuung 14 -18 Uhr: CHF 260.- pro Wochenstunde, Preis pro Semester<\/li>\n<\/ul>\n\n\n\n<div style=\"height:20px\" aria-hidden=\"true\" class=\"wp-block-spacer\"><\/div>\n\n\n\n<h4 class=\"wp-block-heading\" id=\"weitere-preise-abrechnung-am-ende-des-jeweiligen-semesters\">Weitere Preise &#8211; Abrechnung am Ende des jeweiligen Semesters<\/h4>\n\n\n\n<ul class=\"wp-block-list\">\n<li>Nachmittagsbetreuung: CHF 13.- pro Stunde <\/li>\n\n\n\n<li>Zus\u00e4tzlich pro Mittagstisch: CHF 17.- <\/li>\n\n\n\n<li>Familien mit mehr als einem Kind am Mittagstisch erhalten 10 % Rabatt.<\/li>\n\n\n\n<li>Die Nachmittagsbetreuung wird nur bei mindestens 4 eingeschriebenen Kindern durchgef\u00fchrt.<\/li>\n\n\n\n<li>Die Nachmittagsbetreuungsstunden m\u00fcssen am St\u00fcck gebucht werden. L\u00fccken sind nur f\u00fcr die Schule m\u00f6glich.<\/li>\n\n\n\n<li>Angebrochene Stunden werden ganz verrechnet. Vor Turnen, Chor, etc. wird eine 1\/2 Stunde verrechnet.<\/li>\n<\/ul>\n\n\n\n<div style=\"height:20px\" aria-hidden=\"true\" class=\"wp-block-spacer\"><\/div>\n\n\n\n<h4 class=\"wp-block-heading\" id=\"tarife-fur-gaste-ohne-mitgliedschaft-abrechnung-am-ende-des-jeweiligen-semesters\">Tarife f\u00fcr G\u00e4ste (ohne Mitgliedschaft) &#8211; Abrechnung am Ende des jeweiligen Semesters<\/h4>\n\n\n\n<ul class=\"wp-block-list\">\n<li>Eine Anmeldung bis sp\u00e4testens um 14 Uhr am Vortag ist zwingend.<\/li>\n\n\n\n<li>Mittagstisch: CHF 20.- \/ Tag<\/li>\n\n\n\n<li>Nachmittagsbetreuung: CHF 15.- \/ Stunde<\/li>\n\n\n\n<li>Mittagstischabonnement: CHF 95.- f\u00fcr 5 Essen<\/li>\n\n\n\n<li>Mittagstischabonnement f\u00fcr Vereinsmitglieder&nbsp;ohne eingeschriebene Kinder: CHF 90.- f\u00fcr 5 Essen<\/li>\n<\/ul>\n\n\n\n<div style=\"height:20px\" aria-hidden=\"true\" class=\"wp-block-spacer\"><\/div>\n\n\n\n<h4 class=\"wp-block-heading\" id=\"anmeldung-von-gastessen-meldung-von-absenzen\">Anmeldung von G\u00e4steessen, Meldung von Absenzen<\/h4>\n\n\n\n<p>Bis sp\u00e4testens um 14 Uhr am Vortag bei der Leiterin per Handy (siehe Kontakt)<\/p>\n\n\n\n<div style=\"height:20px\" aria-hidden=\"true\" class=\"wp-block-spacer\"><\/div>\n\n\n\n<h4 class=\"wp-block-heading\" id=\"hartefonds\">H\u00e4rtefonds<\/h4>\n\n\n\n<p>Mit den Vereinsmitgliederbeitr\u00e4gen baut der \u00d6MTR einen H\u00e4rtefonds auf. Damit erm\u00f6glichen wir die Teilnahme von Kindern am Mittagstisch, deren Familien mit bescheidenem Budget haushalten m\u00fcssen. Bitte z\u00f6gern Sie nicht, bei Bedarf zur finanziellen Unterst\u00fctzung, ein schriftliches Gesuch bei der Pr\u00e4sidentin \u00d6MTR einzureichen. Gesuche werden vertraulich behandelt.<\/p>\n","protected":false},"excerpt":{"rendered":"<p>1. Semester, Schuljahr 2025\/2026: August &#8211; Dezember (ca. 16 Wochen) 2. Semester, Schuljahr 2025\/2026: Januar &#8211; Juni (ca. 20 Wochen) Weitere Preise &#8211; Abrechnung am Ende des jeweiligen Semesters Tarife f\u00fcr G\u00e4ste (ohne Mitgliedschaft) &#8211; Abrechnung am Ende des jeweiligen Semesters Anmeldung von G\u00e4steessen, Meldung von Absenzen Bis sp\u00e4testens um 14 Uhr am Vortag bei der Leiterin per Handy (siehe Kontakt) H\u00e4rtefonds Mit den Vereinsmitgliederbeitr\u00e4gen baut der \u00d6MTR einen H\u00e4rtefonds auf. Damit erm\u00f6glichen wir die Teilnahme von Kindern am Mittagstisch,&#8230;<\/p>\n<p class=\"read-more\"><a class=\"btn btn-default\" href=\"https:\/\/mittagstisch-rodersdorf.ch\/wordpress\/?page_id=139\">Weiterlesen<span class=\"screen-reader-text\"> Weiterlesen<\/span><\/a><\/p>\n","protected":false},"author":1,"featured_media":0,"parent":0,"menu_order":0,"comment_status":"closed","ping_status":"closed","template":"","meta":{"footnotes":""},"class_list":["post-139","page","type-page","status-publish","hentry"],"_links":{"self":[{"href":"https:\/\/mittagstisch-rodersdorf.ch\/wordpress\/index.php?rest_route=\/wp\/v2\/pages\/139","targetHints":{"allow":["GET"]}}],"collection":[{"href":"https:\/\/mittagstisch-rodersdorf.ch\/wordpress\/index.php?rest_route=\/wp\/v2\/pages"}],"about":[{"href":"https:\/\/mittagstisch-rodersdorf.ch\/wordpress\/index.php?rest_route=\/wp\/v2\/types\/page"}],"author":[{"embeddable":true,"href":"https:\/\/mittagstisch-rodersdorf.ch\/wordpress\/index.php?rest_route=\/wp\/v2\/users\/1"}],"replies":[{"embeddable":true,"href":"https:\/\/mittagstisch-rodersdorf.ch\/wordpress\/index.php?rest_route=%2Fwp%2Fv2%2Fcomments&post=139"}],"version-history":[{"count":25,"href":"https:\/\/mittagstisch-rodersdorf.ch\/wordpress\/index.php?rest_route=\/wp\/v2\/pages\/139\/revisions"}],"predecessor-version":[{"id":811,"href":"https:\/\/mittagstisch-rodersdorf.ch\/wordpress\/index.php?rest_route=\/wp\/v2\/pages\/139\/revisions\/811"}],"wp:attachment":[{"href":"https:\/\/mittagstisch-rodersdorf.ch\/wordpress\/index.php?rest_route=%2Fwp%2Fv2%2Fmedia&parent=139"}],"curies":[{"name":"wp","href":"https:\/\/api.w.org\/{rel}","templated":true}]}}

<h4 class="wp-block-heading" id="1-semester-august-dezember-ca-17-wochen">1. Semester, Schuljahr 2025/2026: August &#8211; Dezember (ca. 16 Wochen)</h4>



<ul class="wp-block-list">
<li>Mittagstisch 1x / Woche: CHF 272.- pro Tag, Preis pro Semester</li>



<li>Mittagstisch ab 2x / Woche: CHF 240.- pro Tag, Preis pro Semester</li>



<li>Nachmittagsbetreuung 14 &#8211; 18 Uhr: CHF 208.- pro Wochenstunde, Preis pro Semester</li>
</ul>



<div style="height:20px" aria-hidden="true" class="wp-block-spacer"></div>



<h4 class="wp-block-heading" id="2-semester-januar-juni-ca-20-wochen">2. Semester, Schuljahr 2025/2026: Januar &#8211; Juni (ca. 20 Wochen)</h4>



<ul class="wp-block-list">
<li>Mittagstisch 1x / Woche: CHF 340.- pro Tag, Preis pro Semester</li>



<li>Mittagstisch ab 2x / Woche: CHF 300.- pro Tag, Preis pro Semester</li>



<li>Nachmittagsbetreuung 14 -18 Uhr: CHF 260.- pro Wochenstunde, Preis pro Semester</li>
</ul>



<div style="height:20px" aria-hidden="true" class="wp-block-spacer"></div>



<h4 class="wp-block-heading" id="weitere-preise-abrechnung-am-ende-des-jeweiligen-semesters">Weitere Preise &#8211; Abrechnung am Ende des jeweiligen Semesters</h4>



<ul class="wp-block-list">
<li>Nachmittagsbetreuung: CHF 13.- pro Stunde </li>



<li>Zusätzlich pro Mittagstisch: CHF 17.- </li>



<li>Familien mit mehr als einem Kind am Mittagstisch erhalten 10 % Rabatt.</li>



<li>Die Nachmittagsbetreuung wird nur bei mindestens 4 eingeschriebenen Kindern durchgeführt.</li>



<li>Die Nachmittagsbetreuungsstunden müssen am Stück gebucht werden. Lücken sind nur für die Schule möglich.</li>



<li>Angebrochene Stunden werden ganz verrechnet. Vor Turnen, Chor, etc. wird eine 1/2 Stunde verrechnet.</li>
</ul>



<div style="height:20px" aria-hidden="true" class="wp-block-spacer"></div>



<h4 class="wp-block-heading" id="tarife-fur-gaste-ohne-mitgliedschaft-abrechnung-am-ende-des-jeweiligen-semesters">Tarife für Gäste (ohne Mitgliedschaft) &#8211; Abrechnung am Ende des jeweiligen Semesters</h4>



<ul class="wp-block-list">
<li>Eine Anmeldung bis spätestens um 14 Uhr am Vortag ist zwingend.</li>



<li>Mittagstisch: CHF 20.- / Tag</li>



<li>Nachmittagsbetreuung: CHF 15.- / Stunde</li>



<li>Mittagstischabonnement: CHF 95.- für 5 Essen</li>



<li>Mittagstischabonnement für Vereinsmitglieder&nbsp;ohne eingeschriebene Kinder: CHF 90.- für 5 Essen</li>
</ul>



<div style="height:20px" aria-hidden="true" class="wp-block-spacer"></div>



<h4 class="wp-block-heading" id="anmeldung-von-gastessen-meldung-von-absenzen">Anmeldung von Gästeessen, Meldung von Absenzen</h4>



<p>Bis spätestens um 14 Uhr am Vortag bei der Leiterin per Handy (siehe Kontakt)</p>



<div style="height:20px" aria-hidden="true" class="wp-block-spacer"></div>



<h4 class="wp-block-heading" id="hartefonds">Härtefonds</h4>



<p>Mit den Vereinsmitgliederbeiträgen baut der ÖMTR einen Härtefonds auf. Damit ermöglichen wir die Teilnahme von Kindern am Mittagstisch, deren Familien mit bescheidenem Budget haushalten müssen. Bitte zögern Sie nicht, bei Bedarf zur finanziellen Unterstützung, ein schriftliches Gesuch bei der Präsidentin ÖMTR einzureichen. Gesuche werden vertraulich behandelt.</p>

<p>1. Semester, Schuljahr 2025/2026: August &#8211; Dezember (ca. 16 Wochen) 2. Semester, Schuljahr 2025/2026: Januar &#8211; Juni (ca. 20 Wochen) Weitere Preise &#8211; Abrechnung am Ende des jeweiligen Semesters Tarife für Gäste (ohne Mitgliedschaft) &#8211; Abrechnung am Ende des jeweiligen Semesters Anmeldung von Gästeessen, Meldung von Absenzen Bis spätestens um 14 Uhr am Vortag bei der Leiterin per Handy (siehe Kontakt) Härtefonds Mit den Vereinsmitgliederbeiträgen baut der ÖMTR einen Härtefonds auf. Damit ermöglichen wir die Teilnahme von Kindern am Mittagstisch,&#8230;</p>
<p class="read-more"><a class="btn btn-default" href="https://mittagstisch-rodersdorf.ch/wordpress/?page_id=139">Weiterlesen<span class="screen-reader-text"> Weiterlesen</span></a></p>
