{"id":216,"date":"2021-04-20T18:14:04","date_gmt":"2021-04-20T18:14:04","guid":{"rendered":"https:\/\/mittagstisch-rodersdorf.ch\/wordpress\/?page_id=216"},"modified":"2025-06-17T22:35:33","modified_gmt":"2025-06-17T22:35:33","slug":"willkommen","status":"publish","type":"page","link":"https:\/\/mittagstisch-rodersdorf.ch\/wordpress\/","title":{"rendered":"Willkommen"},"content":{"rendered":"\n<p>Liebe Eltern<\/p>\n\n\n\n<p>Der \u00d6ffentliche Mittagstisch Rodersdorf bietet Sch\u00fclerinnen und Sch\u00fclern vom Kindergarten, der Primarschule und dem Oberstufenzentrum Leimental (OZL) die Gelegenheit, sich bei einem gemeinsamen Essen mit anderen Kindern vom Dorf auszutauschen und Energie f\u00fcr ihr Nachmittagsprogramm zu tanken.<\/p>\n\n\n\n<p>Je nach Anmeldungen k\u00f6nnen die Kinder zudem an 1 bis 3 Nachmittagen von 14 bis max. 18 Uhr betreut werden. Die Kinder k\u00f6nnen in ruhiger Atmosph\u00e4re ihre Hausaufgaben erledigen, basteln oder spielen.<\/p>\n\n\n\n<p>Die aktuellen Betreuungszeiten entnehmen sie bitte der Rubrik&nbsp;<a href=\"https:\/\/mittagstisch-rodersdorf.ch\/wordpress\/?page_id=30\">\u201eINFOS\u201c<\/a>.<\/p>\n\n\n\n<p>Die Mittagstischleiterin, Sabine, wird von Mark\u00e9ta, Diana, Hana, Lilian, David und Andrea unterst\u00fctzt. Die Mahlzeiten werden vom Catering-Service \u201cEs Tischli f\u00fcr Alli\u201d GmbH aus Muttenz zubereitet.<\/p>\n\n\n\n<p>Der \u00d6ffentliche Mittagstisch Rodersdorf wird durch die Gemeinde Rodersdorf getragen.<\/p>\n\n\n\n<p>Wir w\u00fcrden uns freuen, wenn dieses Angebot von vielen Familien im Dorf genutzt wird.<\/p>\n\n\n\n<p>Verein \u00d6ffentlicher Mittagstisch Rodersdorf<\/p>\n\n\n\n<p>Die Pr\u00e4sidentin<br>Brigitta Baumann Spr\u00fcnglin<\/p>\n\n\n\n<p><\/p>\n","protected":false},"excerpt":{"rendered":"<p>Liebe Eltern Der \u00d6ffentliche Mittagstisch Rodersdorf bietet Sch\u00fclerinnen und Sch\u00fclern vom Kindergarten, der Primarschule und dem Oberstufenzentrum Leimental (OZL) die Gelegenheit, sich bei einem gemeinsamen Essen mit anderen Kindern vom Dorf auszutauschen und Energie f\u00fcr ihr Nachmittagsprogramm zu tanken. Je nach Anmeldungen k\u00f6nnen die Kinder zudem an 1 bis 3 Nachmittagen von 14 bis max. 18 Uhr betreut werden. Die Kinder k\u00f6nnen in ruhiger Atmosph\u00e4re ihre Hausaufgaben erledigen, basteln oder spielen. Die aktuellen Betreuungszeiten entnehmen sie bitte der Rubrik&nbsp;\u201eINFOS\u201c. Die&#8230;<\/p>\n<p class=\"read-more\"><a class=\"btn btn-default\" href=\"https:\/\/mittagstisch-rodersdorf.ch\/wordpress\/\">Weiterlesen<span class=\"screen-reader-text\"> Weiterlesen<\/span><\/a><\/p>\n","protected":false},"author":1,"featured_media":24,"parent":0,"menu_order":0,"comment_status":"closed","ping_status":"closed","template":"","meta":{"footnotes":""},"class_list":["post-216","page","type-page","status-publish","has-post-thumbnail","hentry"],"_links":{"self":[{"href":"https:\/\/mittagstisch-rodersdorf.ch\/wordpress\/index.php?rest_route=\/wp\/v2\/pages\/216","targetHints":{"allow":["GET"]}}],"collection":[{"href":"https:\/\/mittagstisch-rodersdorf.ch\/wordpress\/index.php?rest_route=\/wp\/v2\/pages"}],"about":[{"href":"https:\/\/mittagstisch-rodersdorf.ch\/wordpress\/index.php?rest_route=\/wp\/v2\/types\/page"}],"author":[{"embeddable":true,"href":"https:\/\/mittagstisch-rodersdorf.ch\/wordpress\/index.php?rest_route=\/wp\/v2\/users\/1"}],"replies":[{"embeddable":true,"href":"https:\/\/mittagstisch-rodersdorf.ch\/wordpress\/index.php?rest_route=%2Fwp%2Fv2%2Fcomments&post=216"}],"version-history":[{"count":13,"href":"https:\/\/mittagstisch-rodersdorf.ch\/wordpress\/index.php?rest_route=\/wp\/v2\/pages\/216\/revisions"}],"predecessor-version":[{"id":818,"href":"https:\/\/mittagstisch-rodersdorf.ch\/wordpress\/index.php?rest_route=\/wp\/v2\/pages\/216\/revisions\/818"}],"wp:featuredmedia":[{"embeddable":true,"href":"https:\/\/mittagstisch-rodersdorf.ch\/wordpress\/index.php?rest_route=\/wp\/v2\/media\/24"}],"wp:attachment":[{"href":"https:\/\/mittagstisch-rodersdorf.ch\/wordpress\/index.php?rest_route=%2Fwp%2Fv2%2Fmedia&parent=216"}],"curies":[{"name":"wp","href":"https:\/\/api.w.org\/{rel}","templated":true}]}}

<p>Liebe Eltern</p>



<p>Der Öffentliche Mittagstisch Rodersdorf bietet Schülerinnen und Schülern vom Kindergarten, der Primarschule und dem Oberstufenzentrum Leimental (OZL) die Gelegenheit, sich bei einem gemeinsamen Essen mit anderen Kindern vom Dorf auszutauschen und Energie für ihr Nachmittagsprogramm zu tanken.</p>



<p>Je nach Anmeldungen können die Kinder zudem an 1 bis 3 Nachmittagen von 14 bis max. 18 Uhr betreut werden. Die Kinder können in ruhiger Atmosphäre ihre Hausaufgaben erledigen, basteln oder spielen.</p>



<p>Die aktuellen Betreuungszeiten entnehmen sie bitte der Rubrik&nbsp;<a href="https://mittagstisch-rodersdorf.ch/wordpress/?page_id=30">„INFOS“</a>.</p>



<p>Die Mittagstischleiterin, Sabine, wird von Markéta, Diana, Hana, Lilian, David und Andrea unterstützt. Die Mahlzeiten werden vom Catering-Service “Es Tischli für Alli” GmbH aus Muttenz zubereitet.</p>



<p>Der Öffentliche Mittagstisch Rodersdorf wird durch die Gemeinde Rodersdorf getragen.</p>



<p>Wir würden uns freuen, wenn dieses Angebot von vielen Familien im Dorf genutzt wird.</p>



<p>Verein Öffentlicher Mittagstisch Rodersdorf</p>



<p>Die Präsidentin<br>Brigitta Baumann Sprünglin</p>



<p></p>

<p>Liebe Eltern Der Öffentliche Mittagstisch Rodersdorf bietet Schülerinnen und Schülern vom Kindergarten, der Primarschule und dem Oberstufenzentrum Leimental (OZL) die Gelegenheit, sich bei einem gemeinsamen Essen mit anderen Kindern vom Dorf auszutauschen und Energie für ihr Nachmittagsprogramm zu tanken. Je nach Anmeldungen können die Kinder zudem an 1 bis 3 Nachmittagen von 14 bis max. 18 Uhr betreut werden. Die Kinder können in ruhiger Atmosphäre ihre Hausaufgaben erledigen, basteln oder spielen. Die aktuellen Betreuungszeiten entnehmen sie bitte der Rubrik&nbsp;„INFOS“. Die&#8230;</p>
<p class="read-more"><a class="btn btn-default" href="https://mittagstisch-rodersdorf.ch/wordpress/">Weiterlesen<span class="screen-reader-text"> Weiterlesen</span></a></p>
