{"id":271,"date":"2021-04-20T19:34:09","date_gmt":"2021-04-20T19:34:09","guid":{"rendered":"https:\/\/mittagstisch-rodersdorf.ch\/wordpress\/?page_id=271"},"modified":"2024-02-26T20:06:37","modified_gmt":"2024-02-26T20:06:37","slug":"vorstand","status":"publish","type":"page","link":"https:\/\/mittagstisch-rodersdorf.ch\/wordpress\/?page_id=271","title":{"rendered":"Vorstand"},"content":{"rendered":"\n<p>Der Vorstand tr\u00e4gt viel zur Organisation im Hintergrund bei: Terminabsprachen mit den Schulen, Elternkontakte, Neuanmeldungen, Fakturierungen. All das ist Vorstandsarbeit.<\/p>\n\n\n\n<p>Damit unsere Mittagstischleiterinnen die Kinder gut begleiten k\u00f6nnen, f\u00fchren wir regelm\u00e4ssige Teamsitzungen durch. Hier besprechen wir, wie wir die Kinder optimal betreuen k\u00f6nnen und wie wir St\u00f6rungen im Verhalten oder beim Essen begegnen. Die Optimierung der Abl\u00e4ufe, geeignete Speisen, die Anschaffung neuer Spiele und B\u00fccher\u00a0wird hier erwogen und entschieden.<\/p>\n\n\n\n<div style=\"height:24px\" aria-hidden=\"true\" class=\"wp-block-spacer\"><\/div>\n\n\n\n<p class=\"has-text-align-center\"><strong>Pr\u00e4sidentin:<\/strong> Brigitta Baumann Spr\u00fcnglin<\/p>\n\n\n\n<p class=\"has-text-align-center\"><strong>Kassiererin: <\/strong>Nicole Studer-Hasler<\/p>\n\n\n\n<p class=\"has-text-align-center\"><strong>Aktuarin: <\/strong>Maria Teresa Gonz\u00e1lez<\/p>\n\n\n\n<p class=\"has-text-align-center\"><strong>Beisitzerin:<\/strong> Michaela Kraus<\/p>\n\n\n\n<p class=\"has-text-align-center\"><strong>Beisitzerin: <\/strong>Ines W\u00e4gli <\/p>\n\n\n\n<p class=\"has-text-align-center\"><\/p>\n","protected":false},"excerpt":{"rendered":"<p>Der Vorstand tr\u00e4gt viel zur Organisation im Hintergrund bei: Terminabsprachen mit den Schulen, Elternkontakte, Neuanmeldungen, Fakturierungen. All das ist Vorstandsarbeit. Damit unsere Mittagstischleiterinnen die Kinder gut begleiten k\u00f6nnen, f\u00fchren wir regelm\u00e4ssige Teamsitzungen durch. Hier besprechen wir, wie wir die Kinder optimal betreuen k\u00f6nnen und wie wir St\u00f6rungen im Verhalten oder beim Essen begegnen. Die Optimierung der Abl\u00e4ufe, geeignete Speisen, die Anschaffung neuer Spiele und B\u00fccher\u00a0wird hier erwogen und entschieden. Pr\u00e4sidentin: Brigitta Baumann Spr\u00fcnglin Kassiererin: Nicole Studer-Hasler Aktuarin: Maria Teresa Gonz\u00e1lez&#8230;<\/p>\n<p class=\"read-more\"><a class=\"btn btn-default\" href=\"https:\/\/mittagstisch-rodersdorf.ch\/wordpress\/?page_id=271\">Weiterlesen<span class=\"screen-reader-text\"> Weiterlesen<\/span><\/a><\/p>\n","protected":false},"author":1,"featured_media":0,"parent":0,"menu_order":0,"comment_status":"closed","ping_status":"closed","template":"","meta":{"footnotes":""},"class_list":["post-271","page","type-page","status-publish","hentry"],"_links":{"self":[{"href":"https:\/\/mittagstisch-rodersdorf.ch\/wordpress\/index.php?rest_route=\/wp\/v2\/pages\/271","targetHints":{"allow":["GET"]}}],"collection":[{"href":"https:\/\/mittagstisch-rodersdorf.ch\/wordpress\/index.php?rest_route=\/wp\/v2\/pages"}],"about":[{"href":"https:\/\/mittagstisch-rodersdorf.ch\/wordpress\/index.php?rest_route=\/wp\/v2\/types\/page"}],"author":[{"embeddable":true,"href":"https:\/\/mittagstisch-rodersdorf.ch\/wordpress\/index.php?rest_route=\/wp\/v2\/users\/1"}],"replies":[{"embeddable":true,"href":"https:\/\/mittagstisch-rodersdorf.ch\/wordpress\/index.php?rest_route=%2Fwp%2Fv2%2Fcomments&post=271"}],"version-history":[{"count":13,"href":"https:\/\/mittagstisch-rodersdorf.ch\/wordpress\/index.php?rest_route=\/wp\/v2\/pages\/271\/revisions"}],"predecessor-version":[{"id":718,"href":"https:\/\/mittagstisch-rodersdorf.ch\/wordpress\/index.php?rest_route=\/wp\/v2\/pages\/271\/revisions\/718"}],"wp:attachment":[{"href":"https:\/\/mittagstisch-rodersdorf.ch\/wordpress\/index.php?rest_route=%2Fwp%2Fv2%2Fmedia&parent=271"}],"curies":[{"name":"wp","href":"https:\/\/api.w.org\/{rel}","templated":true}]}}